{"id":1089,"date":"2023-04-17T19:17:21","date_gmt":"2023-04-17T19:17:21","guid":{"rendered":"https:\/\/closterpharma.com.co\/wp50\/?page_id=1089"},"modified":"2024-10-18T12:20:54","modified_gmt":"2024-10-18T12:20:54","slug":"tecnovigilancia-2","status":"publish","type":"page","link":"https:\/\/closterpharma.com.co\/wp50\/index.php\/tecnovigilancia-2\/","title":{"rendered":"TECNOVIGILANCIA"},"content":{"rendered":"\t\t<div data-elementor-type=\"wp-page\" data-elementor-id=\"1089\" class=\"elementor elementor-1089\">\n\t\t\t\t\t\t<section class=\"elementor-section elementor-top-section elementor-element elementor-element-7d9f33b elementor-section-content-middle elementor-section-boxed elementor-section-height-default elementor-section-height-default\" data-id=\"7d9f33b\" data-element_type=\"section\" data-settings=\"{&quot;background_background&quot;:&quot;classic&quot;}\">\n\t\t\t\t\t\t\t<div class=\"elementor-background-overlay\"><\/div>\n\t\t\t\t\t\t\t<div class=\"elementor-container elementor-column-gap-no\">\n\t\t\t\t\t<div class=\"elementor-column elementor-col-100 elementor-top-column elementor-element elementor-element-ecab5cd\" data-id=\"ecab5cd\" data-element_type=\"column\">\n\t\t\t<div class=\"elementor-widget-wrap elementor-element-populated\">\n\t\t\t\t\t\t<section class=\"elementor-section elementor-inner-section elementor-element elementor-element-c1b0baa elementor-section-boxed elementor-section-height-default elementor-section-height-default\" data-id=\"c1b0baa\" data-element_type=\"section\">\n\t\t\t\t\t\t<div class=\"elementor-container elementor-column-gap-default\">\n\t\t\t\t\t<div class=\"elementor-column elementor-col-33 elementor-inner-column elementor-element elementor-element-e204519\" data-id=\"e204519\" data-element_type=\"column\">\n\t\t\t<div class=\"elementor-widget-wrap elementor-element-populated\">\n\t\t\t\t\t\t<div class=\"elementor-element elementor-element-f4ea3ba elementor-widget-divider--view-line elementor-widget elementor-widget-divider\" data-id=\"f4ea3ba\" data-element_type=\"widget\" data-widget_type=\"divider.default\">\n\t\t\t\t<div class=\"elementor-widget-container\">\n\t\t\t\t\t<div class=\"elementor-divider\">\n\t\t\t<span class=\"elementor-divider-separator\">\n\t\t\t\t\t\t<\/span>\n\t\t<\/div>\n\t\t\t\t<\/div>\n\t\t\t\t<\/div>\n\t\t\t\t\t<\/div>\n\t\t<\/div>\n\t\t\t\t<div class=\"elementor-column elementor-col-33 elementor-inner-column elementor-element elementor-element-501cd88\" data-id=\"501cd88\" data-element_type=\"column\">\n\t\t\t<div class=\"elementor-widget-wrap elementor-element-populated\">\n\t\t\t\t\t\t<div class=\"elementor-element elementor-element-48ca41d elementor-widget elementor-widget-heading\" data-id=\"48ca41d\" data-element_type=\"widget\" data-widget_type=\"heading.default\">\n\t\t\t\t<div class=\"elementor-widget-container\">\n\t\t\t<h3 class=\"elementor-heading-title elementor-size-default\">TECNOVIGILANCIA<\/h3>\t\t<\/div>\n\t\t\t\t<\/div>\n\t\t\t\t\t<\/div>\n\t\t<\/div>\n\t\t\t\t<div class=\"elementor-column elementor-col-33 elementor-inner-column elementor-element elementor-element-be385f4\" data-id=\"be385f4\" data-element_type=\"column\">\n\t\t\t<div class=\"elementor-widget-wrap elementor-element-populated\">\n\t\t\t\t\t\t<div class=\"elementor-element elementor-element-fa10641 elementor-widget-divider--view-line elementor-widget elementor-widget-divider\" data-id=\"fa10641\" data-element_type=\"widget\" data-widget_type=\"divider.default\">\n\t\t\t\t<div class=\"elementor-widget-container\">\n\t\t\t\t\t<div class=\"elementor-divider\">\n\t\t\t<span class=\"elementor-divider-separator\">\n\t\t\t\t\t\t<\/span>\n\t\t<\/div>\n\t\t\t\t<\/div>\n\t\t\t\t<\/div>\n\t\t\t\t\t<\/div>\n\t\t<\/div>\n\t\t\t\t\t<\/div>\n\t\t<\/section>\n\t\t\t\t<div class=\"elementor-element elementor-element-d1a082c elementor-widget elementor-widget-heading\" data-id=\"d1a082c\" data-element_type=\"widget\" data-widget_type=\"heading.default\">\n\t\t\t\t<div class=\"elementor-widget-container\">\n\t\t\t<h2 class=\"elementor-heading-title elementor-size-default\">BIENVENIDO A NUESTRO\n<BR>ENLACE DE TECNOVIGILANCIA<\/h2>\t\t<\/div>\n\t\t\t\t<\/div>\n\t\t\t\t<div class=\"elementor-element elementor-element-f7ecd0e elementor-widget elementor-widget-heading\" data-id=\"f7ecd0e\" data-element_type=\"widget\" data-widget_type=\"heading.default\">\n\t\t\t\t<div class=\"elementor-widget-container\">\n\t\t\t<h2 class=\"elementor-heading-title elementor-size-default\">Estamos comprometidos con la seguridad y bienestar de los pacientes<\/h2>\t\t<\/div>\n\t\t\t\t<\/div>\n\t\t\t\t<section class=\"elementor-section elementor-inner-section elementor-element elementor-element-ddd80a6 elementor-section-boxed elementor-section-height-default elementor-section-height-default\" data-id=\"ddd80a6\" data-element_type=\"section\">\n\t\t\t\t\t\t<div class=\"elementor-container elementor-column-gap-default\">\n\t\t\t\t\t<div class=\"elementor-column elementor-col-100 elementor-inner-column elementor-element elementor-element-01fb483\" data-id=\"01fb483\" data-element_type=\"column\" data-settings=\"{&quot;background_background&quot;:&quot;classic&quot;}\">\n\t\t\t<div class=\"elementor-widget-wrap elementor-element-populated\">\n\t\t\t\t\t\t<div class=\"elementor-element elementor-element-43f0093 elementor-button-align-stretch elementor-widget elementor-widget-form\" data-id=\"43f0093\" data-element_type=\"widget\" data-settings=\"{&quot;step_next_label&quot;:&quot;Next&quot;,&quot;step_previous_label&quot;:&quot;Previous&quot;,&quot;button_width&quot;:&quot;100&quot;,&quot;step_type&quot;:&quot;number_text&quot;,&quot;step_icon_shape&quot;:&quot;circle&quot;}\" data-widget_type=\"form.default\">\n\t\t\t\t<div class=\"elementor-widget-container\">\n\t\t\t\t\t<form class=\"elementor-form\" method=\"post\" name=\"New Form\">\n\t\t\t<input type=\"hidden\" name=\"post_id\" value=\"1089\"\/>\n\t\t\t<input type=\"hidden\" name=\"form_id\" value=\"43f0093\"\/>\n\t\t\t<input type=\"hidden\" name=\"referer_title\" value=\"\" \/>\n\n\t\t\t\n\t\t\t<div class=\"elementor-form-fields-wrapper elementor-labels-above\">\n\t\t\t\t\t\t\t\t<div class=\"elementor-field-type-text elementor-field-group elementor-column elementor-field-group-nombre elementor-col-50 elementor-field-required\">\n\t\t\t\t\t\t\t\t\t\t\t\t<label for=\"form-field-nombre\" class=\"elementor-field-label\">\n\t\t\t\t\t\t\t\tNombre\t\t\t\t\t\t\t<\/label>\n\t\t\t\t\t\t\t\t\t\t\t\t\t\t<input size=\"1\" type=\"text\" name=\"form_fields[nombre]\" id=\"form-field-nombre\" class=\"elementor-field elementor-size-md  elementor-field-textual\" placeholder=\"Nombre de quien reporta\" required=\"required\" aria-required=\"true\">\n\t\t\t\t\t\t\t\t\t\t\t<\/div>\n\t\t\t\t\t\t\t\t<div class=\"elementor-field-type-text elementor-field-group elementor-column elementor-field-group-apellido elementor-col-50 elementor-field-required\">\n\t\t\t\t\t\t\t\t\t\t\t\t<label for=\"form-field-apellido\" class=\"elementor-field-label\">\n\t\t\t\t\t\t\t\tN\u00famero de contacto\t\t\t\t\t\t\t<\/label>\n\t\t\t\t\t\t\t\t\t\t\t\t\t\t<input size=\"1\" type=\"text\" name=\"form_fields[apellido]\" id=\"form-field-apellido\" class=\"elementor-field elementor-size-md  elementor-field-textual\" placeholder=\"N\u00famero de contacto\" required=\"required\" aria-required=\"true\">\n\t\t\t\t\t\t\t\t\t\t\t<\/div>\n\t\t\t\t\t\t\t\t<div class=\"elementor-field-type-radio elementor-field-group elementor-column elementor-field-group-paciente elementor-col-100 elementor-field-required\">\n\t\t\t\t\t\t\t\t\t\t\t\t<label for=\"form-field-paciente\" class=\"elementor-field-label\">\n\t\t\t\t\t\t\t\t\u00bfEs usted paciente?\t\t\t\t\t\t\t<\/label>\n\t\t\t\t\t\t<div class=\"elementor-field-subgroup  elementor-subgroup-inline\"><span class=\"elementor-field-option\"><input type=\"radio\" value=\"Si\" id=\"form-field-paciente-0\" name=\"form_fields[paciente]\" required=\"required\" aria-required=\"true\"> <label for=\"form-field-paciente-0\">Si<\/label><\/span><span class=\"elementor-field-option\"><input type=\"radio\" value=\"No\" id=\"form-field-paciente-1\" name=\"form_fields[paciente]\" required=\"required\" aria-required=\"true\"> <label for=\"form-field-paciente-1\">No<\/label><\/span><\/div>\t\t\t\t<\/div>\n\t\t\t\t\t\t\t\t<div class=\"elementor-field-type-radio elementor-field-group elementor-column elementor-field-group-personalmedico elementor-col-100 elementor-field-required\">\n\t\t\t\t\t\t\t\t\t\t\t\t<label for=\"form-field-personalmedico\" class=\"elementor-field-label\">\n\t\t\t\t\t\t\t\t\u00bfEs usted personal m\u00e9dico?\t\t\t\t\t\t\t<\/label>\n\t\t\t\t\t\t<div class=\"elementor-field-subgroup  elementor-subgroup-inline\"><span class=\"elementor-field-option\"><input type=\"radio\" value=\"Si\" id=\"form-field-personalmedico-0\" name=\"form_fields[personalmedico]\" required=\"required\" aria-required=\"true\"> <label for=\"form-field-personalmedico-0\">Si<\/label><\/span><span class=\"elementor-field-option\"><input type=\"radio\" value=\"No\" id=\"form-field-personalmedico-1\" name=\"form_fields[personalmedico]\" required=\"required\" aria-required=\"true\"> <label for=\"form-field-personalmedico-1\">No<\/label><\/span><\/div>\t\t\t\t<\/div>\n\t\t\t\t\t\t\t\t<div class=\"elementor-field-type-text elementor-field-group elementor-column elementor-field-group-ocurrencia elementor-col-100 elementor-field-required\">\n\t\t\t\t\t\t\t\t\t\t\t\t<label for=\"form-field-ocurrencia\" class=\"elementor-field-label\">\n\t\t\t\t\t\t\t\tLugar de ocurrencia de los hechos:\t\t\t\t\t\t\t<\/label>\n\t\t\t\t\t\t\t\t\t\t\t\t\t\t<input size=\"1\" type=\"text\" name=\"form_fields[ocurrencia]\" id=\"form-field-ocurrencia\" class=\"elementor-field elementor-size-md  elementor-field-textual\" placeholder=\"Lugar de ocurrencia de los hechos:\" required=\"required\" aria-required=\"true\">\n\t\t\t\t\t\t\t\t\t\t\t<\/div>\n\t\t\t\t\t\t\t\t<div class=\"elementor-field-type-text elementor-field-group elementor-column elementor-field-group-productoutilizado elementor-col-100 elementor-field-required\">\n\t\t\t\t\t\t\t\t\t\t\t\t<label for=\"form-field-productoutilizado\" class=\"elementor-field-label\">\n\t\t\t\t\t\t\t\tProducto utilizado:\t\t\t\t\t\t\t<\/label>\n\t\t\t\t\t\t\t\t\t\t\t\t\t\t<input size=\"1\" type=\"text\" name=\"form_fields[productoutilizado]\" id=\"form-field-productoutilizado\" class=\"elementor-field elementor-size-md  elementor-field-textual\" placeholder=\"Producto utilizado:\" required=\"required\" aria-required=\"true\">\n\t\t\t\t\t\t\t\t\t\t\t<\/div>\n\t\t\t\t\t\t\t\t<div class=\"elementor-field-type-text elementor-field-group elementor-column elementor-field-group-numerolote elementor-col-100 elementor-field-required\">\n\t\t\t\t\t\t\t\t\t\t\t\t<label for=\"form-field-numerolote\" class=\"elementor-field-label\">\n\t\t\t\t\t\t\t\tNo de lote:\t\t\t\t\t\t\t<\/label>\n\t\t\t\t\t\t\t\t\t\t\t\t\t\t<input size=\"1\" type=\"text\" name=\"form_fields[numerolote]\" id=\"form-field-numerolote\" class=\"elementor-field elementor-size-md  elementor-field-textual\" placeholder=\"No de lote:\" required=\"required\" aria-required=\"true\">\n\t\t\t\t\t\t\t\t\t\t\t<\/div>\n\t\t\t\t\t\t\t\t<div class=\"elementor-field-type-radio elementor-field-group elementor-column elementor-field-group-riesgopaciente elementor-col-100 elementor-field-required\">\n\t\t\t\t\t\t\t\t\t\t\t\t<label for=\"form-field-riesgopaciente\" class=\"elementor-field-label\">\n\t\t\t\t\t\t\t\tSe encuentra en riesgo la vida del paciente:\t\t\t\t\t\t\t<\/label>\n\t\t\t\t\t\t<div class=\"elementor-field-subgroup  elementor-subgroup-inline\"><span class=\"elementor-field-option\"><input type=\"radio\" value=\"Si\" id=\"form-field-riesgopaciente-0\" name=\"form_fields[riesgopaciente]\" required=\"required\" aria-required=\"true\"> <label for=\"form-field-riesgopaciente-0\">Si<\/label><\/span><span class=\"elementor-field-option\"><input type=\"radio\" value=\"No\" id=\"form-field-riesgopaciente-1\" name=\"form_fields[riesgopaciente]\" required=\"required\" aria-required=\"true\"> <label for=\"form-field-riesgopaciente-1\">No<\/label><\/span><\/div>\t\t\t\t<\/div>\n\t\t\t\t\t\t\t\t<div class=\"elementor-field-type-text elementor-field-group elementor-column elementor-field-group-efectoreportado elementor-col-100 elementor-field-required\">\n\t\t\t\t\t\t\t\t\t\t\t\t<label for=\"form-field-efectoreportado\" class=\"elementor-field-label\">\n\t\t\t\t\t\t\t\tEfecto reportado:\t\t\t\t\t\t\t<\/label>\n\t\t\t\t\t\t\t\t\t\t\t\t\t\t<input size=\"1\" type=\"text\" name=\"form_fields[efectoreportado]\" id=\"form-field-efectoreportado\" class=\"elementor-field elementor-size-md  elementor-field-textual\" placeholder=\"Efecto reportado:\" required=\"required\" aria-required=\"true\">\n\t\t\t\t\t\t\t\t\t\t\t<\/div>\n\t\t\t\t\t\t\t\t<div class=\"elementor-field-type-radio elementor-field-group elementor-column elementor-field-group-genero elementor-col-100 elementor-field-required\">\n\t\t\t\t\t\t\t\t\t\t\t\t<label for=\"form-field-genero\" class=\"elementor-field-label\">\n\t\t\t\t\t\t\t\tInformaci\u00f3n del paciente: (Genero)\t\t\t\t\t\t\t<\/label>\n\t\t\t\t\t\t<div class=\"elementor-field-subgroup  \"><span class=\"elementor-field-option\"><input type=\"radio\" value=\"Masculino\" id=\"form-field-genero-0\" name=\"form_fields[genero]\" required=\"required\" aria-required=\"true\"> <label for=\"form-field-genero-0\">Masculino<\/label><\/span><span class=\"elementor-field-option\"><input type=\"radio\" value=\"Femenino\" id=\"form-field-genero-1\" name=\"form_fields[genero]\" required=\"required\" aria-required=\"true\"> <label for=\"form-field-genero-1\">Femenino<\/label><\/span><\/div>\t\t\t\t<\/div>\n\t\t\t\t\t\t\t\t<div class=\"elementor-field-type-text elementor-field-group elementor-column elementor-field-group-edadpaciente elementor-col-100 elementor-field-required\">\n\t\t\t\t\t\t\t\t\t\t\t\t<label for=\"form-field-edadpaciente\" class=\"elementor-field-label\">\n\t\t\t\t\t\t\t\tEdad del paciente:\t\t\t\t\t\t\t<\/label>\n\t\t\t\t\t\t\t\t\t\t\t\t\t\t<input size=\"1\" type=\"text\" name=\"form_fields[edadpaciente]\" id=\"form-field-edadpaciente\" class=\"elementor-field elementor-size-md  elementor-field-textual\" placeholder=\"Edad del paciente:\" required=\"required\" aria-required=\"true\">\n\t\t\t\t\t\t\t\t\t\t\t<\/div>\n\t\t\t\t\t\t\t\t<div class=\"elementor-field-type-radio elementor-field-group elementor-column elementor-field-group-hospitalizado elementor-col-100 elementor-field-required\">\n\t\t\t\t\t\t\t\t\t\t\t\t<label for=\"form-field-hospitalizado\" class=\"elementor-field-label\">\n\t\t\t\t\t\t\t\tSe encuentra hospitalizado:\t\t\t\t\t\t\t<\/label>\n\t\t\t\t\t\t<div class=\"elementor-field-subgroup  \"><span class=\"elementor-field-option\"><input type=\"radio\" value=\"Si\" id=\"form-field-hospitalizado-0\" name=\"form_fields[hospitalizado]\" required=\"required\" aria-required=\"true\"> <label for=\"form-field-hospitalizado-0\">Si<\/label><\/span><span class=\"elementor-field-option\"><input type=\"radio\" value=\"No\" id=\"form-field-hospitalizado-1\" name=\"form_fields[hospitalizado]\" required=\"required\" aria-required=\"true\"> <label for=\"form-field-hospitalizado-1\">No<\/label><\/span><\/div>\t\t\t\t<\/div>\n\t\t\t\t\t\t\t\t<div class=\"elementor-field-type-text elementor-field-group elementor-column elementor-field-group-enfermedadgeneral elementor-col-100 elementor-field-required\">\n\t\t\t\t\t\t\t\t\t\t\t\t<label for=\"form-field-enfermedadgeneral\" class=\"elementor-field-label\">\n\t\t\t\t\t\t\t\tAlguna condici\u00f3n especial o enfermedad general:\t\t\t\t\t\t\t<\/label>\n\t\t\t\t\t\t\t\t\t\t\t\t\t\t<input size=\"1\" type=\"text\" name=\"form_fields[enfermedadgeneral]\" id=\"form-field-enfermedadgeneral\" class=\"elementor-field elementor-size-md  elementor-field-textual\" placeholder=\"Alguna condici\u00f3n especial o enfermedad general:\" required=\"required\" aria-required=\"true\">\n\t\t\t\t\t\t\t\t\t\t\t<\/div>\n\t\t\t\t\t\t\t\t<div class=\"elementor-field-type-acceptance elementor-field-group elementor-column elementor-field-group-field_e91b7f9 elementor-col-100 elementor-field-required\">\n\t\t\t\t\t\t\t<div class=\"elementor-field-subgroup\">\n\t\t\t<span class=\"elementor-field-option\">\n\t\t\t\t<input type=\"checkbox\" name=\"form_fields[field_e91b7f9]\" id=\"form-field-field_e91b7f9\" class=\"elementor-field elementor-size-md  elementor-acceptance-field\" required=\"required\" aria-required=\"true\">\n\t\t\t\t<label for=\"form-field-field_e91b7f9\">Estoy de acuerdo con el uso de mis datos personales<\/label>\t\t\t<\/span>\n\t\t<\/div>\n\t\t\t\t\t\t<\/div>\n\t\t\t\t\t\t\t\t<div class=\"elementor-field-type-html elementor-field-group elementor-column elementor-field-group-field_7796a05 elementor-col-100\">\n\t\t\t\t\tAVISO DE PRIVACIDAD: El presente aviso de privacidad establece los t\u00e9rminos y condiciones sobre los cuales CLOSTER PHARMA SAS. identificado con NIT 830512304-2 y domicilio Cra 21 N\u00b098-21 piso 7 de Bogot\u00e1 \nrealizar\u00e1 tratamiento de sus datos personales, legitimado bajo ley 1581 de 2012. La unidad de Farmacovigilancia de CLOSTER PHARMA SAS.\n le informa que sus datos personales pueden ser incluidos en un fichero propiedad de CLOSTER PHARMA SAS siempre que la informaci\u00f3n cumpla con lo establecido en la resoluci\u00f3n 2004009455 de mayo de 2004 por la cual se reglamenta el contenido y periodicidad de reportes de farmacovigilancia. \nAdem\u00e1s. le informa que sus datos ser\u00e1n utilizados exclusivamente para poder cumplir con la gesti\u00f3n de reacciones y acontecimientos adversos, que la base jur\u00eddica que legitima a CLOSTER PHARMA SAS. para el tratamiento de datos personales es el cumplimiento de una obligaci\u00f3n legal, que sus datos ser\u00e1n conservados durante los plazos legalmente establecidos y podr\u00e1n ser cedidos a otras compa\u00f1\u00edas del Grupo  quienes se encuentran obligadas a proteger la confidencialidad y seguridad de estos. Los derechos que le asisten los puede consultar en la pol\u00edtica publicada en www.closterpharma.com\t\t\t\t<\/div>\n\t\t\t\t\t\t\t\t<div class=\"elementor-field-group elementor-column elementor-field-type-submit elementor-col-100 e-form__buttons\">\n\t\t\t\t\t<button type=\"submit\" class=\"elementor-button elementor-size-md\">\n\t\t\t\t\t\t<span >\n\t\t\t\t\t\t\t\t\t\t\t\t\t\t\t<span class=\"elementor-align-icon-left elementor-button-icon\">\n\t\t\t\t\t\t\t\t\t<svg xmlns=\"http:\/\/www.w3.org\/2000\/svg\" xmlns:xlink=\"http:\/\/www.w3.org\/1999\/xlink\" id=\"Capa_2\" data-name=\"Capa 2\" viewBox=\"0 0 39.81 39.81\"><defs><style>      .cls-1 {        fill: none;      }      .cls-2 {        clip-path: url(#clippath);      }      .cls-3 {        fill: #fff;      }    <\/style><clipPath id=\"clippath\"><circle class=\"cls-1\" cx=\"19.9\" cy=\"19.9\" r=\"18.96\"><\/circle><\/clipPath><\/defs><g id=\"Capa_1-2\" data-name=\"Capa 1\"><g class=\"cls-2\"><g><polygon class=\"cls-3\" points=\"17.97 6.76 18.13 50.72 -1.62 50.72 .28 23.25 17.97 6.76\"><\/polygon><polygon class=\"cls-3\" points=\"18.52 6.85 18.54 50.83 19.63 50.72 19.39 7.36 18.52 6.85\"><\/polygon><polygon class=\"cls-3\" points=\"21.22 8.56 22.11 50.78 20.58 50.83 20.1 9.59 21.22 8.56\"><\/polygon><polygon class=\"cls-3\" points=\"39.13 18.85 37.39 17.8 39.49 45.48 39.07 48.34 39.16 50.55 38.29 50.59 38.2 48.3 38.62 45.45 36.47 17.23 34.1 15.8 36.21 45.34 37.15 48.71 37.15 50.52 36.28 50.52 36.28 48.83 35.34 45.44 33.19 15.24 31.58 14.27 33.64 50.55 32.77 50.6 30.66 13.71 29.43 12.96 30.13 25.71 29.57 28.42 30.46 50.61 29.59 50.64 28.7 28.35 29.26 25.65 28.52 12.41 25.36 10.48 25.82 24.76 26.81 28.22 27.51 50.56 26.64 50.59 25.94 28.35 24.96 24.9 24.49 9.95 21.6 8.2 22.55 50.72 41.82 50.63 39.13 18.85\"><\/polygon><\/g><\/g><path class=\"cls-3\" d=\"M19.9,0C8.91,0,0,8.91,0,19.9s8.91,19.9,19.9,19.9,19.9-8.91,19.9-19.9S30.9,0,19.9,0Zm0,38.62C9.57,38.62,1.18,30.24,1.18,19.9S9.57,1.18,19.9,1.18s18.72,8.38,18.72,18.72-8.38,18.72-18.72,18.72Z\"><\/path><\/g><\/svg>\t\t\t\t\t\t\t\t\t\t\t\t\t\t\t\t\t<\/span>\n\t\t\t\t\t\t\t\t\t\t\t\t\t\t\t\t\t\t\t\t\t\t<span class=\"elementor-button-text\">ENVIAR<\/span>\n\t\t\t\t\t\t\t\t\t\t\t\t\t<\/span>\n\t\t\t\t\t<\/button>\n\t\t\t\t<\/div>\n\t\t\t<\/div>\n\t\t<\/form>\n\t\t\t\t<\/div>\n\t\t\t\t<\/div>\n\t\t\t\t\t<\/div>\n\t\t<\/div>\n\t\t\t\t\t<\/div>\n\t\t<\/section>\n\t\t\t\t<div class=\"elementor-element elementor-element-c6de307 elementor-widget elementor-widget-spacer\" data-id=\"c6de307\" data-element_type=\"widget\" data-widget_type=\"spacer.default\">\n\t\t\t\t<div class=\"elementor-widget-container\">\n\t\t\t\t\t<div class=\"elementor-spacer\">\n\t\t\t<div class=\"elementor-spacer-inner\"><\/div>\n\t\t<\/div>\n\t\t\t\t<\/div>\n\t\t\t\t<\/div>\n\t\t\t\t<section class=\"elementor-section elementor-inner-section elementor-element elementor-element-ba9e851 elementor-section-boxed elementor-section-height-default elementor-section-height-default\" data-id=\"ba9e851\" data-element_type=\"section\">\n\t\t\t\t\t\t<div class=\"elementor-container elementor-column-gap-default\">\n\t\t\t\t\t<div class=\"elementor-column elementor-col-50 elementor-inner-column elementor-element elementor-element-9cac95c\" data-id=\"9cac95c\" data-element_type=\"column\">\n\t\t\t<div class=\"elementor-widget-wrap elementor-element-populated\">\n\t\t\t\t\t\t<div class=\"elementor-element elementor-element-1aef6c7 elementor-view-stacked elementor-shape-circle elementor-position-top elementor-mobile-position-top elementor-widget elementor-widget-icon-box\" data-id=\"1aef6c7\" data-element_type=\"widget\" data-widget_type=\"icon-box.default\">\n\t\t\t\t<div class=\"elementor-widget-container\">\n\t\t\t\t\t<div class=\"elementor-icon-box-wrapper\">\n\n\t\t\t\t\t\t<div class=\"elementor-icon-box-icon\">\n\t\t\t\t<span  class=\"elementor-icon elementor-animation-\">\n\t\t\t\t<svg aria-hidden=\"true\" class=\"e-font-icon-svg e-fas-envelope\" viewBox=\"0 0 512 512\" xmlns=\"http:\/\/www.w3.org\/2000\/svg\"><path d=\"M502.3 190.8c3.9-3.1 9.7-.2 9.7 4.7V400c0 26.5-21.5 48-48 48H48c-26.5 0-48-21.5-48-48V195.6c0-5 5.7-7.8 9.7-4.7 22.4 17.4 52.1 39.5 154.1 113.6 21.1 15.4 56.7 47.8 92.2 47.6 35.7.3 72-32.8 92.3-47.6 102-74.1 131.6-96.3 154-113.7zM256 320c23.2.4 56.6-29.2 73.4-41.4 132.7-96.3 142.8-104.7 173.4-128.7 5.8-4.5 9.2-11.5 9.2-18.9v-19c0-26.5-21.5-48-48-48H48C21.5 64 0 85.5 0 112v19c0 7.4 3.4 14.3 9.2 18.9 30.6 23.9 40.7 32.4 173.4 128.7 16.8 12.2 50.2 41.8 73.4 41.4z\"><\/path><\/svg>\t\t\t\t<\/span>\n\t\t\t<\/div>\n\t\t\t\n\t\t\t\t\t\t<div class=\"elementor-icon-box-content\">\n\n\t\t\t\t\n\t\t\t\t\t\t\t\t\t<p class=\"elementor-icon-box-description\">\n\t\t\t\t\t\ttecnovigilancia@closterpharma.com\t\t\t\t\t<\/p>\n\t\t\t\t\n\t\t\t<\/div>\n\t\t\t\n\t\t<\/div>\n\t\t\t\t<\/div>\n\t\t\t\t<\/div>\n\t\t\t\t\t<\/div>\n\t\t<\/div>\n\t\t\t\t<div class=\"elementor-column elementor-col-50 elementor-inner-column elementor-element elementor-element-718401e\" data-id=\"718401e\" data-element_type=\"column\">\n\t\t\t<div class=\"elementor-widget-wrap elementor-element-populated\">\n\t\t\t\t\t\t<div class=\"elementor-element elementor-element-e381031 elementor-view-stacked elementor-shape-circle elementor-position-top elementor-mobile-position-top elementor-widget elementor-widget-icon-box\" data-id=\"e381031\" data-element_type=\"widget\" data-widget_type=\"icon-box.default\">\n\t\t\t\t<div class=\"elementor-widget-container\">\n\t\t\t\t\t<div class=\"elementor-icon-box-wrapper\">\n\n\t\t\t\t\t\t<div class=\"elementor-icon-box-icon\">\n\t\t\t\t<span  class=\"elementor-icon elementor-animation-\">\n\t\t\t\t<svg aria-hidden=\"true\" class=\"e-font-icon-svg e-fas-phone\" viewBox=\"0 0 512 512\" xmlns=\"http:\/\/www.w3.org\/2000\/svg\"><path d=\"M493.4 24.6l-104-24c-11.3-2.6-22.9 3.3-27.5 13.9l-48 112c-4.2 9.8-1.4 21.3 6.9 28l60.6 49.6c-36 76.7-98.9 140.5-177.2 177.2l-49.6-60.6c-6.8-8.3-18.2-11.1-28-6.9l-112 48C3.9 366.5-2 378.1.6 389.4l24 104C27.1 504.2 36.7 512 48 512c256.1 0 464-207.5 464-464 0-11.2-7.7-20.9-18.6-23.4z\"><\/path><\/svg>\t\t\t\t<\/span>\n\t\t\t<\/div>\n\t\t\t\n\t\t\t\t\t\t<div class=\"elementor-icon-box-content\">\n\n\t\t\t\t\n\t\t\t\t\t\t\t\t\t<p class=\"elementor-icon-box-description\">\n\t\t\t\t\t\t+57 (1) 226 47 57 (Ext. 221)\t\t\t\t\t<\/p>\n\t\t\t\t\n\t\t\t<\/div>\n\t\t\t\n\t\t<\/div>\n\t\t\t\t<\/div>\n\t\t\t\t<\/div>\n\t\t\t\t\t<\/div>\n\t\t<\/div>\n\t\t\t\t\t<\/div>\n\t\t<\/section>\n\t\t\t\t\t<\/div>\n\t\t<\/div>\n\t\t\t\t\t<\/div>\n\t\t<\/section>\n\t\t\t\t<\/div>\n\t\t","protected":false},"excerpt":{"rendered":"<p>TECNOVIGILANCIA BIENVENIDO A NUESTRO ENLACE DE TECNOVIGILANCIA Estamos comprometidos con la seguridad y bienestar de los pacientes tecnovigilancia@closterpharma.com +57 (1) 226 47 57 (Ext. 221)<\/p>\n","protected":false},"author":1,"featured_media":0,"parent":0,"menu_order":0,"comment_status":"closed","ping_status":"closed","template":"","meta":{"footnotes":""},"class_list":["post-1089","page","type-page","status-publish","hentry"],"_links":{"self":[{"href":"https:\/\/closterpharma.com.co\/wp50\/index.php\/wp-json\/wp\/v2\/pages\/1089","targetHints":{"allow":["GET"]}}],"collection":[{"href":"https:\/\/closterpharma.com.co\/wp50\/index.php\/wp-json\/wp\/v2\/pages"}],"about":[{"href":"https:\/\/closterpharma.com.co\/wp50\/index.php\/wp-json\/wp\/v2\/types\/page"}],"author":[{"embeddable":true,"href":"https:\/\/closterpharma.com.co\/wp50\/index.php\/wp-json\/wp\/v2\/users\/1"}],"replies":[{"embeddable":true,"href":"https:\/\/closterpharma.com.co\/wp50\/index.php\/wp-json\/wp\/v2\/comments?post=1089"}],"version-history":[{"count":40,"href":"https:\/\/closterpharma.com.co\/wp50\/index.php\/wp-json\/wp\/v2\/pages\/1089\/revisions"}],"predecessor-version":[{"id":1670,"href":"https:\/\/closterpharma.com.co\/wp50\/index.php\/wp-json\/wp\/v2\/pages\/1089\/revisions\/1670"}],"wp:attachment":[{"href":"https:\/\/closterpharma.com.co\/wp50\/index.php\/wp-json\/wp\/v2\/media?parent=1089"}],"curies":[{"name":"wp","href":"https:\/\/api.w.org\/{rel}","templated":true}]}}